{"id":11,"date":"2023-11-13T09:57:53","date_gmt":"2023-11-13T08:57:53","guid":{"rendered":"https:\/\/center.laval-virtual.com\/?page_id=11"},"modified":"2023-11-20T16:37:03","modified_gmt":"2023-11-20T15:37:03","slug":"11-2","status":"publish","type":"page","link":"https:\/\/center.laval-virtual.com\/?page_id=11","title":{"rendered":"Landing page r\u00e9servation"},"content":{"rendered":"\n<div class=\"wp-block-group alignfull has-global-padding is-layout-constrained wp-block-group-is-layout-constrained\" style=\"padding-top:var(--wp--preset--spacing--50);padding-right:var(--wp--preset--spacing--50);padding-bottom:var(--wp--preset--spacing--50);padding-left:var(--wp--preset--spacing--50)\">\n<figure class=\"wp-block-image size-large\"><img loading=\"lazy\" decoding=\"async\" width=\"1024\" height=\"101\" src=\"https:\/\/center.laval-virtual.com\/wp-content\/uploads\/2023\/11\/LVC_new-logo_bleu-2048x202-1-1024x101.png\" alt=\"\" class=\"wp-image-38\" srcset=\"https:\/\/center.laval-virtual.com\/wp-content\/uploads\/2023\/11\/LVC_new-logo_bleu-2048x202-1-1024x101.png 1024w, https:\/\/center.laval-virtual.com\/wp-content\/uploads\/2023\/11\/LVC_new-logo_bleu-2048x202-1-300x30.png 300w, https:\/\/center.laval-virtual.com\/wp-content\/uploads\/2023\/11\/LVC_new-logo_bleu-2048x202-1-768x76.png 768w, https:\/\/center.laval-virtual.com\/wp-content\/uploads\/2023\/11\/LVC_new-logo_bleu-2048x202-1-1536x152.png 1536w, https:\/\/center.laval-virtual.com\/wp-content\/uploads\/2023\/11\/LVC_new-logo_bleu-2048x202-1.png 2048w\" sizes=\"(max-width: 1024px) 100vw, 1024px\" \/><\/figure>\n\n\n\n<h1 class=\"wp-block-heading has-text-align-center has-x-large-font-size\">Un lieu d&#8217;exception pour vos \u00e9v\u00e9nements d&#8217;entreprise&#8230;<\/h1>\n\n\n\n<div class=\"wp-block-group has-global-padding is-layout-constrained wp-container-core-group-layout-1 wp-block-group-is-layout-constrained\">\n<div style=\"height:1.25rem\" aria-hidden=\"true\" class=\"wp-block-spacer\"><\/div>\n\n\n\n<p class=\"has-text-align-center\"><strong>S\u00e9minaires, congr\u00e8s, s\u00e9ances de cr\u00e9ativit\u00e9, portes ouvertes, conf\u00e9rences de presse, r\u00e9unions, soir\u00e9es priv\u00e9es&#8230;<\/strong><\/p>\n\n\n\n<p class=\"has-text-align-center\">\u00c0\u00a0seulement 70 min de Paris !<\/p>\n\n\n\n<div style=\"height:1.25rem\" aria-hidden=\"true\" class=\"wp-block-spacer\"><\/div>\n\n\n\n<div class=\"wp-block-buttons is-content-justification-center is-layout-flex wp-container-core-buttons-layout-1 wp-block-buttons-is-layout-flex\">\n<div class=\"wp-block-button\"><a class=\"wp-block-button__link wp-element-button\">R\u00e9servez<\/a><\/div>\n<\/div>\n<\/div>\n\n\n\n<div style=\"height:var(--wp--preset--spacing--30)\" aria-hidden=\"true\" class=\"wp-block-spacer\"><\/div>\n\n\n\n<figure class=\"wp-block-image alignwide size-full is-style-rounded\"><a href=\"https:\/\/youtu.be\/c0HR9PzLYH4?si=A3LF27i7JvRu8qfH\"><img loading=\"lazy\" decoding=\"async\" width=\"799\" height=\"533\" src=\"http:\/\/center.laval-virtual.com\/wp-content\/uploads\/2023\/11\/laval-virtual-center-entree.jpeg\" alt=\"\" class=\"wp-image-21\" srcset=\"https:\/\/center.laval-virtual.com\/wp-content\/uploads\/2023\/11\/laval-virtual-center-entree.jpeg 799w, https:\/\/center.laval-virtual.com\/wp-content\/uploads\/2023\/11\/laval-virtual-center-entree-300x200.jpeg 300w, https:\/\/center.laval-virtual.com\/wp-content\/uploads\/2023\/11\/laval-virtual-center-entree-768x512.jpeg 768w\" sizes=\"(max-width: 799px) 100vw, 799px\" \/><\/a><\/figure>\n<\/div>\n\n\n\n<div class=\"wp-block-group alignfull has-base-2-background-color has-background has-global-padding is-layout-constrained wp-block-group-is-layout-constrained\" style=\"margin-top:0;margin-bottom:0;padding-top:var(--wp--preset--spacing--50);padding-right:var(--wp--preset--spacing--50);padding-bottom:var(--wp--preset--spacing--50);padding-left:var(--wp--preset--spacing--50)\">\n<div class=\"wp-block-group is-vertical is-content-justification-center is-layout-flex wp-container-core-group-layout-3 wp-block-group-is-layout-flex\">\n<h2 class=\"wp-block-heading has-text-align-center is-style-asterisk\">Le Laval Virtual Center<\/h2>\n\n\n\n<div style=\"height:0px\" aria-hidden=\"true\" class=\"wp-block-spacer wp-container-content-1\"><\/div>\n\n\n\n<p class=\"has-text-align-center\"><strong>Vous cherchez une salle pour vos \u00e9v\u00e9nements d&#8217;entreprise ? <\/strong>D\u00e9couvrez le Laval Virtual Center, un \u00e9crin architectural unique \u00e0 privatiser en exclusivit\u00e9 pour vos \u00e9v\u00e9nements d\u2019entreprise et moments VIP.<\/p>\n\n\n\n<p class=\"has-text-align-center\">Travaillez autrement et vivez l\u2019exp\u00e9rience Laval Virtual Center.<\/p>\n<\/div>\n\n\n\n<div style=\"margin-top:0;margin-bottom:0;height:var(--wp--preset--spacing--40)\" aria-hidden=\"true\" class=\"wp-block-spacer\"><\/div>\n\n\n\n<figure class=\"wp-block-image size-large\"><img loading=\"lazy\" decoding=\"async\" width=\"1024\" height=\"205\" src=\"https:\/\/center.laval-virtual.com\/wp-content\/uploads\/2023\/11\/pictos-LVC-1024x205.webp\" alt=\"\" class=\"wp-image-12\" srcset=\"https:\/\/center.laval-virtual.com\/wp-content\/uploads\/2023\/11\/pictos-LVC-1024x205.webp 1024w, https:\/\/center.laval-virtual.com\/wp-content\/uploads\/2023\/11\/pictos-LVC-300x60.webp 300w, https:\/\/center.laval-virtual.com\/wp-content\/uploads\/2023\/11\/pictos-LVC-768x154.webp 768w, https:\/\/center.laval-virtual.com\/wp-content\/uploads\/2023\/11\/pictos-LVC.webp 1200w\" sizes=\"(max-width: 1024px) 100vw, 1024px\" \/><\/figure>\n\n\n\n<div style=\"height:100px\" aria-hidden=\"true\" class=\"wp-block-spacer\"><\/div>\n\n\n\n<div class=\"wp-block-columns alignwide is-layout-flex wp-container-core-columns-layout-1 wp-block-columns-is-layout-flex\">\n<div class=\"wp-block-column is-layout-flow wp-container-core-column-layout-1 wp-block-column-is-layout-flow\">\n<figure class=\"wp-block-image size-large\"><img loading=\"lazy\" decoding=\"async\" width=\"1024\" height=\"683\" src=\"https:\/\/center.laval-virtual.com\/wp-content\/uploads\/2023\/11\/LV-Center_Auditorium-1024x683.webp\" alt=\"\" class=\"wp-image-14\" srcset=\"https:\/\/center.laval-virtual.com\/wp-content\/uploads\/2023\/11\/LV-Center_Auditorium-1024x683.webp 1024w, https:\/\/center.laval-virtual.com\/wp-content\/uploads\/2023\/11\/LV-Center_Auditorium-300x200.webp 300w, https:\/\/center.laval-virtual.com\/wp-content\/uploads\/2023\/11\/LV-Center_Auditorium-768x512.webp 768w, https:\/\/center.laval-virtual.com\/wp-content\/uploads\/2023\/11\/LV-Center_Auditorium-1536x1024.webp 1536w, https:\/\/center.laval-virtual.com\/wp-content\/uploads\/2023\/11\/LV-Center_Auditorium-2048x1365.webp 2048w\" sizes=\"(max-width: 1024px) 100vw, 1024px\" \/><\/figure>\n\n\n\n<h3 class=\"wp-block-heading\"><strong>L&#8217;Auditorium<\/strong><\/h3>\n\n\n\n<p>Un espace sonoris\u00e9 de 100m\u00b2 pour 80 personnes en mode conf\u00e9rence et 30 personnes en mode r\u00e9union (espace \u00e9quip\u00e9 d\u2019un \u00e9cran, vid\u00e9o projecteur, micro\u2026)<\/p>\n\n\n\n<p><strong>\u00c0 partir de 300\u20ac HT<\/strong><\/p>\n<\/div>\n\n\n\n<div class=\"wp-block-column is-layout-flow wp-container-core-column-layout-2 wp-block-column-is-layout-flow\">\n<figure class=\"wp-block-image size-large\"><img loading=\"lazy\" decoding=\"async\" width=\"1024\" height=\"683\" src=\"https:\/\/center.laval-virtual.com\/wp-content\/uploads\/2023\/11\/CREATIVE_SPACE_01-1024x683.webp\" alt=\"\" class=\"wp-image-15\" srcset=\"https:\/\/center.laval-virtual.com\/wp-content\/uploads\/2023\/11\/CREATIVE_SPACE_01-1024x683.webp 1024w, https:\/\/center.laval-virtual.com\/wp-content\/uploads\/2023\/11\/CREATIVE_SPACE_01-300x200.webp 300w, https:\/\/center.laval-virtual.com\/wp-content\/uploads\/2023\/11\/CREATIVE_SPACE_01-768x512.webp 768w, https:\/\/center.laval-virtual.com\/wp-content\/uploads\/2023\/11\/CREATIVE_SPACE_01-1536x1024.webp 1536w, https:\/\/center.laval-virtual.com\/wp-content\/uploads\/2023\/11\/CREATIVE_SPACE_01-2048x1365.webp 2048w\" sizes=\"(max-width: 1024px) 100vw, 1024px\" \/><\/figure>\n\n\n\n<h3 class=\"wp-block-heading\"><strong>Le Creative Space<\/strong><\/h3>\n\n\n\n<p>Un espace unique \u00e9quip\u00e9 de mobilier chaleureux de 195m\u00b2 pour 170 personnes en mode conf\u00e9rences et 60 personnes en mode r\u00e9union\/groupe de travail (espace \u00e9quip\u00e9 d\u2019un \u00e9cran, vid\u00e9o projecteur et sonoris\u00e9).<\/p>\n\n\n\n<p><strong>\u00c0 partir de 500\u20ac HT<\/strong><\/p>\n<\/div>\n\n\n\n<div class=\"wp-block-column is-layout-flow wp-container-core-column-layout-3 wp-block-column-is-layout-flow\">\n<figure class=\"wp-block-image size-large\"><img loading=\"lazy\" decoding=\"async\" width=\"1024\" height=\"683\" src=\"https:\/\/center.laval-virtual.com\/wp-content\/uploads\/2023\/11\/LavalVirtualCenter-Agora-300dpi-1024x683.webp\" alt=\"\" class=\"wp-image-16\" srcset=\"https:\/\/center.laval-virtual.com\/wp-content\/uploads\/2023\/11\/LavalVirtualCenter-Agora-300dpi-1024x683.webp 1024w, https:\/\/center.laval-virtual.com\/wp-content\/uploads\/2023\/11\/LavalVirtualCenter-Agora-300dpi-300x200.webp 300w, https:\/\/center.laval-virtual.com\/wp-content\/uploads\/2023\/11\/LavalVirtualCenter-Agora-300dpi-768x512.webp 768w, https:\/\/center.laval-virtual.com\/wp-content\/uploads\/2023\/11\/LavalVirtualCenter-Agora-300dpi-1536x1025.webp 1536w, https:\/\/center.laval-virtual.com\/wp-content\/uploads\/2023\/11\/LavalVirtualCenter-Agora-300dpi.webp 1920w\" sizes=\"(max-width: 1024px) 100vw, 1024px\" \/><\/figure>\n\n\n\n<h3 class=\"wp-block-heading\"><strong>L&#8217;Agora<\/strong><\/h3>\n\n\n\n<p>Un espace de 225m\u00b2 qui peut-\u00eatre utilis\u00e9 en espace de d\u00e9tente, de restauration et\/ou en espace d\u2019exposition. L\u2019Agora dispose d\u2019un \u00e9cran g\u00e9ant de diffusion led de 5&#215;3 m et il est \u00e9quip\u00e9 de mobilier design et contemporain.<\/p>\n\n\n\n<p><strong>\u00c0 partir de 200\u20ac HT<\/strong><\/p>\n<\/div>\n<\/div>\n\n\n\n<div style=\"height:var(--wp--preset--spacing--20)\" aria-hidden=\"true\" class=\"wp-block-spacer\"><\/div>\n\n\n\n<div class=\"wp-block-columns alignwide is-layout-flex wp-container-core-columns-layout-2 wp-block-columns-is-layout-flex\">\n<div class=\"wp-block-column is-layout-flow wp-container-core-column-layout-4 wp-block-column-is-layout-flow\">\n<figure class=\"wp-block-image size-large\"><img loading=\"lazy\" decoding=\"async\" width=\"1024\" height=\"683\" src=\"https:\/\/center.laval-virtual.com\/wp-content\/uploads\/2023\/11\/LavalVirtualCenter-mezzanine-terasse-1024x683.webp\" alt=\"\" class=\"wp-image-17\" srcset=\"https:\/\/center.laval-virtual.com\/wp-content\/uploads\/2023\/11\/LavalVirtualCenter-mezzanine-terasse-1024x683.webp 1024w, https:\/\/center.laval-virtual.com\/wp-content\/uploads\/2023\/11\/LavalVirtualCenter-mezzanine-terasse-300x200.webp 300w, https:\/\/center.laval-virtual.com\/wp-content\/uploads\/2023\/11\/LavalVirtualCenter-mezzanine-terasse-768x512.webp 768w, https:\/\/center.laval-virtual.com\/wp-content\/uploads\/2023\/11\/LavalVirtualCenter-mezzanine-terasse-1536x1025.webp 1536w, https:\/\/center.laval-virtual.com\/wp-content\/uploads\/2023\/11\/LavalVirtualCenter-mezzanine-terasse.webp 1920w\" sizes=\"(max-width: 1024px) 100vw, 1024px\" \/><\/figure>\n\n\n\n<h3 class=\"wp-block-heading\"><strong>La Mezzanine et la Terrasse<\/strong><\/h3>\n\n\n\n<p>Des espaces de 50m\u00b2 et de 130m\u00b2 pour 100 personnes au total (50 mezzanine et 50 terrasse) qui peuvent \u00eatre privatis\u00e9s pour vos cocktails et afterwork.<\/p>\n\n\n\n<p><strong>\u00c0 partir de 200\u20ac HT<\/strong><\/p>\n<\/div>\n\n\n\n<div class=\"wp-block-column is-layout-flow wp-container-core-column-layout-5 wp-block-column-is-layout-flow\">\n<figure class=\"wp-block-image size-large\"><img loading=\"lazy\" decoding=\"async\" width=\"1024\" height=\"684\" src=\"https:\/\/center.laval-virtual.com\/wp-content\/uploads\/2023\/11\/SHOWROOM-1-1024x684.webp\" alt=\"\" class=\"wp-image-18\" srcset=\"https:\/\/center.laval-virtual.com\/wp-content\/uploads\/2023\/11\/SHOWROOM-1-1024x684.webp 1024w, https:\/\/center.laval-virtual.com\/wp-content\/uploads\/2023\/11\/SHOWROOM-1-300x201.webp 300w, https:\/\/center.laval-virtual.com\/wp-content\/uploads\/2023\/11\/SHOWROOM-1-768x513.webp 768w, https:\/\/center.laval-virtual.com\/wp-content\/uploads\/2023\/11\/SHOWROOM-1-1536x1027.webp 1536w, https:\/\/center.laval-virtual.com\/wp-content\/uploads\/2023\/11\/SHOWROOM-1.webp 1999w\" sizes=\"(max-width: 1024px) 100vw, 1024px\" \/><\/figure>\n\n\n\n<h3 class=\"wp-block-heading\"><strong>Le Showroom<\/strong><\/h3>\n\n\n\n<p>Un espace de 198m\u00b2 pour vous immerger dans la r\u00e9alit\u00e9 virtuelle\/r\u00e9alit\u00e9 augment\u00e9e.<\/p>\n\n\n\n<p>Partagez avec vos collaborateurs des exp\u00e9riences immersives et originales.<\/p>\n\n\n\n<p><strong>Tarifs sur demande.<\/strong><\/p>\n<\/div>\n\n\n\n<div class=\"wp-block-column is-layout-flow wp-container-core-column-layout-6 wp-block-column-is-layout-flow\">\n<figure class=\"wp-block-image size-large\"><img loading=\"lazy\" decoding=\"async\" width=\"1024\" height=\"683\" src=\"https:\/\/center.laval-virtual.com\/wp-content\/uploads\/2023\/11\/Ambiance_LV2018_259_web-1024x683.webp\" alt=\"\" class=\"wp-image-19\" srcset=\"https:\/\/center.laval-virtual.com\/wp-content\/uploads\/2023\/11\/Ambiance_LV2018_259_web-1024x683.webp 1024w, https:\/\/center.laval-virtual.com\/wp-content\/uploads\/2023\/11\/Ambiance_LV2018_259_web-300x200.webp 300w, https:\/\/center.laval-virtual.com\/wp-content\/uploads\/2023\/11\/Ambiance_LV2018_259_web-768x512.webp 768w, https:\/\/center.laval-virtual.com\/wp-content\/uploads\/2023\/11\/Ambiance_LV2018_259_web.webp 1500w\" sizes=\"(max-width: 1024px) 100vw, 1024px\" \/><\/figure>\n\n\n\n<h3 class=\"wp-block-heading\"><strong>Autres services<\/strong><\/h3>\n\n\n\n<p><strong>Nous pouvons aussi organiser votre \u00e9v\u00e9nement :<\/strong><\/p>\n\n\n\n<p>Traiteurs, photographes, musiciens\/chanteurs, h\u00f4tesses, animations en r\u00e9alit\u00e9 virtuelle\u2026<\/p>\n\n\n\n<p><strong>Tarifs sur demande.<\/strong><\/p>\n<\/div>\n<\/div>\n<\/div>\n\n\n\n<div style=\"height:40px\" aria-hidden=\"true\" class=\"wp-block-spacer\"><\/div>\n\n\n\n<h3 class=\"wp-block-heading has-text-align-center\"><strong>Contactez- nous !<\/strong><\/h3>\n\n\n\n<div class=\"wp-block-leadin-hubspot-form-block\">\n\t\t\t\t\t<script>\n\t\t\t\t\t\twindow.hsFormsOnReady = window.hsFormsOnReady || [];\n\t\t\t\t\t\twindow.hsFormsOnReady.push(()=>{\n\t\t\t\t\t\t\thbspt.forms.create({\n\t\t\t\t\t\t\t\tportalId: 3968235,\n\t\t\t\t\t\t\t\tformId: \"51ae6645-4936-4932-b4af-b71fe85fdf50\",\n\t\t\t\t\t\t\t\ttarget: \"#hbspt-form-1776344792000-2385484559\",\n\t\t\t\t\t\t\t\tregion: \"na1\",\n\t\t\t\t\t\t\t\t\n\t\t\t\t\t\t})});\n\t\t\t\t\t<\/script>\n\t\t\t\t\t<div class=\"hbspt-form\" id=\"hbspt-form-1776344792000-2385484559\"><\/div><\/div>\n\n\n\n<div style=\"height:40px\" aria-hidden=\"true\" class=\"wp-block-spacer\"><\/div>\n\n\n\n<div class=\"wp-block-group alignfull has-global-padding is-layout-constrained wp-block-group-is-layout-constrained\" style=\"margin-top:0;margin-bottom:0;padding-top:var(--wp--preset--spacing--50);padding-right:var(--wp--preset--spacing--50);padding-bottom:var(--wp--preset--spacing--50);padding-left:var(--wp--preset--spacing--50)\">\n<div class=\"wp-block-group alignwide has-global-padding is-layout-constrained wp-container-core-group-layout-6 wp-block-group-is-layout-constrained\">\n<div class=\"wp-block-columns is-layout-flex wp-container-core-columns-layout-3 wp-block-columns-is-layout-flex\">\n<div class=\"wp-block-column is-layout-flow wp-block-column-is-layout-flow\" style=\"flex-basis:100%\">\n<div class=\"wp-block-group is-vertical is-content-justification-center is-layout-flex wp-container-core-group-layout-5 wp-block-group-is-layout-flex\">\n<h3 class=\"wp-block-heading\">Comment venir ?<\/h3>\n\n\n\n<iframe src=\"https:\/\/www.google.com\/maps\/embed?pb=!1m14!1m8!1m3!1d10660.67746237051!2d-0.7522418!3d48.087674!3m2!1i1024!2i768!4f13.1!3m3!1m2!1s0x480901f82a32903d%3A0xbd190995d7a247dc!2sLaval%20Virtual%20Center!5e0!3m2!1sfr!2sfr!4v1700494231846!5m2!1sfr!2sfr\" width=\"600\" height=\"450\" style=\"border:0;\" allowfullscreen=\"\" loading=\"lazy\" referrerpolicy=\"no-referrer-when-downgrade\"><\/iframe>\n\n\n\n<p>Laval Virtual Center &#8211; rue Marie Curie &#8211; 53810 Chang\u00e9<\/p>\n\n\n\n<p><strong>02 43 49 75 80<\/strong><\/p>\n<\/div>\n<\/div>\n<\/div>\n\n\n\n<div style=\"height:var(--wp--preset--spacing--40)\" aria-hidden=\"true\" class=\"wp-block-spacer\"><\/div>\n<\/div>\n<\/div>\n\n\n\n<div class=\"wp-block-group alignfull has-base-color has-contrast-background-color has-text-color has-background has-global-padding is-layout-constrained wp-block-group-is-layout-constrained\" style=\"margin-top:0;margin-bottom:0;padding-top:var(--wp--preset--spacing--60);padding-right:var(--wp--preset--spacing--60);padding-bottom:var(--wp--preset--spacing--60);padding-left:var(--wp--preset--spacing--60)\">\n<div class=\"wp-block-group has-global-padding is-layout-constrained wp-block-group-is-layout-constrained\">\n<p class=\"has-text-align-center has-base-color has-text-color has-heading-font-family has-x-large-font-size\" style=\"line-height:1.2\"> <em>\u201cUne \u00e9quipe qualifi\u00e9e et attentive \u00e0 vos besoins qui vous accompagne pour faire de votre \u00e9v\u00e9nement une v\u00e9ritable r\u00e9ussite !\u201d<\/em> <\/p>\n<\/div>\n<\/div>\n\n\n\n<div style=\"height:40px\" aria-hidden=\"true\" class=\"wp-block-spacer\"><\/div>\n\n\n\n<p class=\"has-text-align-center\">Laval Virtual Center &#8211; rue Marie Curie &#8211; 53810 Chang\u00e9<\/p>\n\n\n\n<p class=\"has-text-align-center\"><strong>02 43 49 75 80<\/strong><\/p>\n\n\n\n<div style=\"height:40px\" aria-hidden=\"true\" class=\"wp-block-spacer\"><\/div>\n\n\n\n<figure class=\"wp-block-image size-large\"><img loading=\"lazy\" decoding=\"async\" width=\"1024\" height=\"102\" src=\"https:\/\/center.laval-virtual.com\/wp-content\/uploads\/2023\/11\/logos-financeurs-2-1024x102.webp\" alt=\"\" class=\"wp-image-24\" srcset=\"https:\/\/center.laval-virtual.com\/wp-content\/uploads\/2023\/11\/logos-financeurs-2-1024x102.webp 1024w, https:\/\/center.laval-virtual.com\/wp-content\/uploads\/2023\/11\/logos-financeurs-2-300x30.webp 300w, https:\/\/center.laval-virtual.com\/wp-content\/uploads\/2023\/11\/logos-financeurs-2-768x77.webp 768w, https:\/\/center.laval-virtual.com\/wp-content\/uploads\/2023\/11\/logos-financeurs-2.webp 1200w\" sizes=\"(max-width: 1024px) 100vw, 1024px\" \/><\/figure>\n","protected":false},"excerpt":{"rendered":"<p>Un lieu d&#8217;exception pour vos \u00e9v\u00e9nements d&#8217;entreprise&#8230; S\u00e9minaires, congr\u00e8s, s\u00e9ances de cr\u00e9ativit\u00e9, portes ouvertes, conf\u00e9rences de presse, r\u00e9unions, soir\u00e9es priv\u00e9es&#8230; \u00c0\u00a0seulement 70 min de Paris ! Le Laval Virtual Center Vous cherchez une salle pour vos \u00e9v\u00e9nements d&#8217;entreprise ? D\u00e9couvrez le Laval Virtual Center, un \u00e9crin architectural unique \u00e0 privatiser en exclusivit\u00e9 pour vos \u00e9v\u00e9nements [&hellip;]<\/p>\n","protected":false},"author":2,"featured_media":0,"parent":0,"menu_order":0,"comment_status":"closed","ping_status":"closed","template":"","meta":{"content-type":"","footnotes":""},"_links":{"self":[{"href":"https:\/\/center.laval-virtual.com\/index.php?rest_route=\/wp\/v2\/pages\/11"}],"collection":[{"href":"https:\/\/center.laval-virtual.com\/index.php?rest_route=\/wp\/v2\/pages"}],"about":[{"href":"https:\/\/center.laval-virtual.com\/index.php?rest_route=\/wp\/v2\/types\/page"}],"author":[{"embeddable":true,"href":"https:\/\/center.laval-virtual.com\/index.php?rest_route=\/wp\/v2\/users\/2"}],"replies":[{"embeddable":true,"href":"https:\/\/center.laval-virtual.com\/index.php?rest_route=%2Fwp%2Fv2%2Fcomments&post=11"}],"version-history":[{"count":15,"href":"https:\/\/center.laval-virtual.com\/index.php?rest_route=\/wp\/v2\/pages\/11\/revisions"}],"predecessor-version":[{"id":44,"href":"https:\/\/center.laval-virtual.com\/index.php?rest_route=\/wp\/v2\/pages\/11\/revisions\/44"}],"wp:attachment":[{"href":"https:\/\/center.laval-virtual.com\/index.php?rest_route=%2Fwp%2Fv2%2Fmedia&parent=11"}],"curies":[{"name":"wp","href":"https:\/\/api.w.org\/{rel}","templated":true}]}}